-3. Suppose -l*p = 3*f - 15, -3*p + 12 + 8 = 2*f. What is the units digit of p?
6
Let w(q) = 82*q**2 + 11*q + 172. What is the hundreds digit of w(-7)?
1
Suppose -120 = -19*i - 5*i. Suppose 0 = -2*v + 4*a + 2228, -i*v + 2*a - 434 = -6036. What is the units digit of v?
2
Suppose 206528 + 57361 = 129*u - 20*u. What is the thousands digit of u?
2
Suppose -5*z + 15978 = -2*i, -z + 0*i = -4*i - 3192. What is the units digit of z?
6
What is the tens digit of (38 - 34)/(12/14166)?
2
Let j(h) = -h**3 - 2*h**2 - h - 3. Let p(m) = 2*m**3 + 37*m**2 + 88*m + 23. Let l(z) = j(z) + p(z). What is the tens digit of l(-31)?
6
Let v(g) = 7542*g + 162. What is the ten thousands digit of v(2)?
1
Let x = -130 + 141. Let d(h) = -h**3 + 17*h**2 - 3*h + 11. What is the hundreds digit of d(x)?
7
Let w be (7/14)/((-3)/(-3438)). Suppose -b = 3*o - w, 0 = -0*o + 3*o + 12. What is the units digit of b?
5
Let r(s) = 4310*s**2 + 92*s - 4. What is the hundreds digit of r(-2)?
0
What is the units digit of 13 + 5205 - (0 + 3*3)?
9
Let r = 235 + -242. Let t(n) = -3*n**3 + n**2 - n - 22. What is the units digit of t(r)?
3
Let b = -282 - -288. Suppose -5*u = 4*a - 3395, 2*a = -u + b*a + 679. What is the tens digit of u?
7
Let l(q) = -q**3 + 2*q**2 + 19. Let h be l(0). Suppose -24*g + h*g = 4*w - 5999, 0 = 5*g + 5*w - 5995. What is the hundreds digit of g?
2
Let d(q) = 3*q**3 - 23*q**2 + 31*q - 28. Let w be d(14). Suppose -22*g = -w - 3196. What is the units digit of g?
3
Let c(u) = 95*u - 298. Let h = -537 + 549. What is the units digit of c(h)?
2
What is the tens digit of (-4927)/26*(7 + -41)?
4
Let b = -144 + 146. Suppose -b*o + 5*d = d - 4, 5*o - 22 = -2*d. What is the tens digit of ((-63)/28)/(-9) - (-151)/o?
3
Let b(z) = -z**2 + 12*z + 22. Let x be b(12). Suppose -5*l + x - 7 = -5*k, k = 2. Suppose -12*y + 868 = -l*y. What is the units digit of y?
4
Let u(x) = 49*x + 36. Let a be u(8). Suppose q - b = 118, 4*b - a + 60 = -3*q. What is the tens digit of q?
2
Suppose -7*c - 32 = -11*c. Let s = c - -18. What is the tens digit of s*1/4*6?
3
Let d(p) = p**3 + 47*p**2 - 85*p - 9. What is the thousands digit of d(-48)?
1
Suppose -23842 = -26*g + 23093 + 72093. What is the hundreds digit of g?
5
Let s(u) = -u**2 - 9*u - 10. Let z be s(-7). Suppose 2748 = z*j - 1420. What is the hundreds digit of j?
0
Let m(c) = c**3 + c**2 + c - 19. What is the units digit of m(4)?
5
Let i = -6838 + 8024. What is the tens digit of i?
8
Let s = 29480 + 16666. What is the units digit of s?
6
Let d = -1203 - -3698. Let k = 1779 - d. Let g = -498 - k. What is the hundreds digit of g?
2
Let c be 2 - -310 - ((-5 - -3) + 5). Suppose -2*b - 2*b - 489 = 5*x, -2*b + 513 = -5*x. Let s = x + c. What is the hundreds digit of s?
2
What is the tens digit of -1 + -2 + 20/15 + (-9280)/(-15)?
1
What is the tens digit of 4008 + (-3 - -8) + 1 + -1?
1
Suppose -5*p = -3*f + 22363, 0*f - 22361 = -3*f + 4*p. What is the hundreds digit of f?
4
What is the tens digit of (((-3003)/14)/(-11))/((-13)/(-2782))?
7
What is the units digit of (-2*2 - (-33312)/6) + (-9 - -13)?
2
Suppose 0 = 2*z + 4, -4*r = -6*r + 4*z - 2038. What is the units digit of ((-4)/(-6) - 2)*r/2?
2
Suppose 8*a = -91 + 43. What is the units digit of (a/6)/((-6)/1458)?
3
Let z(f) be the third derivative of -f**6/120 - 17*f**5/30 - 7*f**4/24 + 13*f**3 - 21*f**2. What is the units digit of z(-34)?
6
Let w(i) = 22*i**2 + 4*i - 1 - 4*i + 3*i. Let a(o) = -o**3 - 11*o**2 - 16*o + 15. Let r be a(-9). What is the tens digit of w(r)?
8
Let z = 24382 + -11695. What is the ten thousands digit of z?
1
Let k = -657 - -1734. Let b = 1560 - k. What is the units digit of b?
3
Suppose 94*r + 28140 - 579074 = 0. What is the hundreds digit of r?
8
Let l(o) = 441*o + 48. Let h be l(-2). Let w = h - -1471. What is the tens digit of w?
3
Let b(d) = -d**3 - 9*d**2 + 28*d + 6. Let k be b(-11). Let x = -57 - k. Suppose -x*c + 175 = -5. What is the units digit of c?
0
Let f(q) = q**2 - 5*q + 8. Let w(x) = -5*x**2 + 19*x - 32. Let a(u) = -9*f(u) - 2*w(u). Let o be a(-6). What is the tens digit of 8162/98 + 4/o?
8
What is the thousands digit of 1529465/70 + 29 - (-1)/4*2?
1
Let r = -155 + 71. Let j be (-2050)/(-14) + r/(-147). Suppose -3*t + j = -93. What is the tens digit of t?
8
Let b = 16893 - 3086. What is the hundreds digit of b?
8
Suppose 6*m - m + 7 = 2*c, 5*c = 2*m + 28. Suppose 3*i - c*i + 472 = u, -4*i = 5*u - 2371. What is the tens digit of u?
7
Let u = 747 + -747. What is the tens digit of 672/(-112) + (u - -686)?
8
Suppose -26120520 = -385*a + 25*a. What is the hundreds digit of a?
5
Let t be 3 + -2 + 9/1. Let c be (-1020)/34*(-3)/(-5). What is the tens digit of c/5 + 4 + 776/t?
7
What is the ten thousands digit of (7809/(-6) + 16)*-16?
2
Let k = 18902 - -6978. What is the hundreds digit of k?
8
Let c(v) = -2*v**3 + 49*v**2 - 10*v + 32. Suppose 15*g = 7*g + 192. What is the tens digit of c(g)?
6
Let z = -67 - -68. Let g be (z + -8 + 3)*-38. Let o = g + -49. What is the units digit of o?
3
Let k be (-3 + -1 - 0)/(-2). Suppose 0 = k*u + 10*u. Suppose u = 3*n - 56 - 97. What is the tens digit of n?
5
Suppose -135 + 170 = 7*o. Suppose 0 = o*v - 13*v + 4872. What is the hundreds digit of v?
6
Let q = -103 - -112. Let g(m) = 9 + 61*m + 25*m + 23*m - q*m. What is the units digit of g(1)?
9
Let w = 1307 + 801. What is the hundreds digit of w/10*(-55)/(-11)?
0
Suppose 0 = -33*v - 155*v + 1386124. What is the thousands digit of v?
7
Let v = -93 - -77. Let m be 9190/80 + (-2)/v. Suppose m = -s + 389. What is the tens digit of s?
7
Let g(u) be the third derivative of -145*u**4/24 - 199*u**3/6 + 151*u**2. What is the tens digit of g(-11)?
9
Let k(g) = 9*g**2 + 117*g + 70. What is the hundreds digit of k(33)?
7
Let j = -97 - -94. What is the tens digit of -1 + (4 - 3) + j + 85?
8
Let o(g) = g**2 + 11*g + 13. Let s be o(-10). Suppose -3*b = -5*b + s*u + 778, 396 = b - 5*u. What is the units digit of b?
6
Let w = 1137 - 501. Let a = -430 + w. What is the hundreds digit of a?
2
Let r = 187 + -457. Let m = r + 544. Suppose -5*t - 25 = 0, 5*c = c - 2*t + m. What is the units digit of c?
1
Let n(j) = -2*j**2 + 65*j + 58. Let a(h) = -36*h - 147. Let l be a(-5). What is the units digit of n(l)?
5
Let d(b) = 134*b + 62. Let x be d(2). Let a = x + 53. What is the tens digit of a?
8
Suppose 0 = -0*w - w + a - 1, 2*w - 10 = -2*a. Suppose 0 = -5*b + 3*m + 3411, -5*b + b - w*m + 2742 = 0. Suppose v + 8*v - b = 0. What is the tens digit of v?
7
Let x(n) = 329*n - 1048. What is the thousands digit of x(49)?
5
Let a = 7857 - 4428. Suppose -a = -7*q - 972. What is the units digit of q?
1
Let h(g) = -g**2 + g + 4*g**2 + 1 + 2*g**2 - 6*g**2. Let u be h(3). What is the tens digit of 20970/36*(-2)/u?
3
Let t(l) = l**3 + 3*l**2 - 12*l - 5. Let o(i) = -20*i - 9*i + 22*i - 30. Let r be o(-5). What is the tens digit of t(r)?
3
Suppose -10768 = -159*i + 35024. What is the units digit of i?
8
Suppose 0 = s - 30 + 10. Let j = s + 150. What is the tens digit of j - 4*(3 + 27/(-12))?
6
What is the units digit of 152/(-12)*3*(-7579)/22?
1
Let b = -20879 + 31543. What is the thousands digit of b?
0
Let c(h) be the third derivative of 7*h**4/8 + 4*h**3/3 + 2*h**2. Let b be 14/(196/70) - (-1)/(-1). What is the tens digit of c(b)?
9
Let z(q) = 21*q + 605. Let g be z(-31). Let m = -20 + 100. Let k = m + g. What is the units digit of k?
4
Suppose 6*u - 13*u + 2548 = 0. Suppose -4*s - 182 = -2*l - s, 4*l = -4*s + u. What is the tens digit of l?
9
Let v be 528/(-154)*35/2. Let w = v - -881. What is the hundreds digit of w?
8
Let u(k) = 73*k**2 + 800*k + 4846. What is the tens digit of u(-6)?
7
Suppose -4*p + 8*p - 173614 = 2*g, p + 4*g - 43372 = 0. What is the ten thousands digit of p?
4
Let t = -18487 - -29924. What is the hundreds digit of t?
4
Let i be ((-2)/5)/((-4)/(-120)). Let j be (5 - -1)/i + 42/(-4). What is the units digit of (-1736)/j + (-20)/(-110)?
8
Let q be ((-3770)/(-10) + -10)*4*1. Suppose t = 4*a - 4016, -3*a + 5*t + 1561 + q = 0. What is the units digit of a?
3
Let i(z) = -9*z + 20. Let q(l) = -l - 30. Let o be q(-17). Let w be i(o). Suppose -5*v + w = -363. What is the units digit of v?
0
Suppose 0 = 5*m + 2374 - 19134. What is the thousands digit of m?
3
Suppose -u + 2*p + 194 + 73138 = 0, -5*u = -4*p